{"id":18,"date":"2026-01-17T21:03:49","date_gmt":"2026-01-17T20:03:49","guid":{"rendered":"https:\/\/aluzyjna25.pl\/?page_id=18"},"modified":"2026-01-18T17:07:03","modified_gmt":"2026-01-18T16:07:03","slug":"kontakt","status":"publish","type":"page","link":"https:\/\/aluzyjna25.pl\/?page_id=18","title":{"rendered":"Kontakt"},"content":{"rendered":"\t\t<div data-elementor-type=\"wp-page\" data-elementor-id=\"18\" class=\"elementor elementor-18\">\n\t\t\t\t<div class=\"elementor-element elementor-element-1c839f22 e-flex e-con-boxed e-con e-parent\" data-id=\"1c839f22\" data-element_type=\"container\">\n\t\t\t\t\t<div class=\"e-con-inner\">\n\t\t\t\t<div class=\"elementor-element elementor-element-1cda1aa5 elementor-widget elementor-widget-text-editor\" data-id=\"1cda1aa5\" data-element_type=\"widget\" data-widget_type=\"text-editor.default\">\n\t\t\t\t\t\t\t\t\t<p class=\"isSelectedEnd\">Strona zosta\u0142a stworzona przez mieszka\u0144c\u00f3w osiedla i dla mieszka\u0144c\u00f3w osiedla. Nie jest to oficjalna strona wsp\u00f3lnoty ani podmiot\u00f3w reprezentuj\u0105cych j\u0105 formalnie, takich jak Zarz\u0105d czy Administrator.<\/p><p>Je\u017celi chcesz si\u0119 z nami skontaktowa\u0107, napisz na adres: <a disabled=\"true\"><strong>biuro@aluzyjna25cdef.pl<\/strong><\/a> lub skorzystaj z poni\u017cszego formularza kontaktowego.<\/p>\t\t\t\t\t\t\t\t<\/div>\n\t\t\t\t\t<\/div>\n\t\t\t\t<\/div>\n\t\t<div class=\"elementor-element elementor-element-228a5e6 e-flex e-con-boxed e-con e-parent\" data-id=\"228a5e6\" data-element_type=\"container\">\n\t\t\t\t\t<div class=\"e-con-inner\">\n\t\t\t\t<div class=\"elementor-element elementor-element-43a8993 elementor-widget elementor-widget-wpforms\" data-id=\"43a8993\" data-element_type=\"widget\" data-widget_type=\"wpforms.default\">\n\t\t\t\t<div class=\"elementor-widget-container\">\n\t\t\t\t\t<div class=\"wpforms-container wpforms-container-full wpforms-render-modern\" id=\"wpforms-53\"><form id=\"wpforms-form-53\" class=\"wpforms-validate wpforms-form wpforms-ajax-form\" data-formid=\"53\" method=\"post\" enctype=\"multipart\/form-data\" action=\"\/index.php?rest_route=%2Fwp%2Fv2%2Fpages%2F18\" data-token=\"1c81aa0366c776881baecd099faa1d31\" data-token-time=\"1776685244\"><noscript class=\"wpforms-error-noscript\">Please enable JavaScript in your browser to complete this form.<\/noscript><div id=\"wpforms-error-noscript\" style=\"display: none;\">Please enable JavaScript in your browser to complete this form.<\/div><div class=\"wpforms-field-container\">\t\t<div id=\"wpforms-53-field_4-container\"\n\t\t\tclass=\"wpforms-field wpforms-field-text\"\n\t\t\tdata-field-type=\"text\"\n\t\t\tdata-field-id=\"4\"\n\t\t\t>\n\t\t\t<label class=\"wpforms-field-label\" for=\"wpforms-53-field_4\" >wiadomo\u015b\u0107 nazwisko lub<\/label>\n\t\t\t<input type=\"text\" id=\"wpforms-53-field_4\" class=\"wpforms-field-medium\" name=\"wpforms[fields][4]\" >\n\t\t<\/div>\n\t\t<div id=\"wpforms-53-field_1-container\" class=\"wpforms-field wpforms-field-name\" data-field-id=\"1\"><fieldset><legend class=\"wpforms-field-label\">Imi\u0119 i nazwisko <span class=\"wpforms-required-label\" aria-hidden=\"true\">*<\/span><\/legend><div class=\"wpforms-field-row wpforms-field-medium\"><div class=\"wpforms-field-row-block wpforms-first wpforms-one-half\"><input type=\"text\" id=\"wpforms-53-field_1\" class=\"wpforms-field-name-first wpforms-field-required\" name=\"wpforms[fields][1][first]\" aria-errormessage=\"wpforms-53-field_1-error\" required><label for=\"wpforms-53-field_1\" class=\"wpforms-field-sublabel after\">First<\/label><\/div><div class=\"wpforms-field-row-block wpforms-one-half\"><input type=\"text\" id=\"wpforms-53-field_1-last\" class=\"wpforms-field-name-last wpforms-field-required\" name=\"wpforms[fields][1][last]\" aria-errormessage=\"wpforms-53-field_1-last-error\" required><label for=\"wpforms-53-field_1-last\" class=\"wpforms-field-sublabel after\">Last<\/label><\/div><\/div><\/fieldset><\/div><div id=\"wpforms-53-field_2-container\" class=\"wpforms-field wpforms-field-email\" data-field-id=\"2\"><label class=\"wpforms-field-label\" for=\"wpforms-53-field_2\">Adres e-mail <span class=\"wpforms-required-label\" aria-hidden=\"true\">*<\/span><\/label><input type=\"email\" id=\"wpforms-53-field_2\" class=\"wpforms-field-medium wpforms-field-required\" name=\"wpforms[fields][2]\" spellcheck=\"false\" aria-errormessage=\"wpforms-53-field_2-error\" required><\/div><div id=\"wpforms-53-field_3-container\" class=\"wpforms-field wpforms-field-textarea\" data-field-id=\"3\"><label class=\"wpforms-field-label\" for=\"wpforms-53-field_3\">Komentarz lub wiadomo\u015b\u0107<\/label><textarea id=\"wpforms-53-field_3\" class=\"wpforms-field-medium\" name=\"wpforms[fields][3]\" aria-errormessage=\"wpforms-53-field_3-error\" ><\/textarea><\/div><script>\n\t\t\t\t( function() {\n\t\t\t\t\tconst style = document.createElement( 'style' );\n\t\t\t\t\tstyle.appendChild( document.createTextNode( '#wpforms-53-field_4-container { position: absolute !important; overflow: hidden !important; display: inline !important; height: 1px !important; width: 1px !important; z-index: -1000 !important; padding: 0 !important; } #wpforms-53-field_4-container input { visibility: hidden; } #wpforms-conversational-form-page #wpforms-53-field_4-container label { counter-increment: none; }' ) );\n\t\t\t\t\tdocument.head.appendChild( style );\n\t\t\t\t\tdocument.currentScript?.remove();\n\t\t\t\t} )();\n\t\t\t<\/script><\/div><!-- .wpforms-field-container --><div class=\"wpforms-submit-container\" ><input type=\"hidden\" name=\"wpforms[id]\" value=\"53\"><input type=\"hidden\" name=\"page_title\" value=\"\"><input type=\"hidden\" name=\"page_url\" value=\"https:\/\/aluzyjna25.pl\/index.php?rest_route=\/wp\/v2\/pages\/18\"><input type=\"hidden\" name=\"url_referer\" value=\"\"><button type=\"submit\" name=\"wpforms[submit]\" id=\"wpforms-submit-53\" class=\"wpforms-submit\" data-alt-text=\"Wysy\u0142anie...\" data-submit-text=\"Prze\u015blij\" aria-live=\"assertive\" value=\"wpforms-submit\">Prze\u015blij<\/button><img decoding=\"async\" src=\"https:\/\/aluzyjna25.pl\/wp-content\/plugins\/wpforms-lite\/assets\/images\/submit-spin.svg\" class=\"wpforms-submit-spinner\" style=\"display: none;\" width=\"26\" height=\"26\" alt=\"Loading\"><\/div><\/form><\/div>  <!-- .wpforms-container -->\t\t\t\t<\/div>\n\t\t\t\t<\/div>\n\t\t\t\t\t<\/div>\n\t\t\t\t<\/div>\n\t\t\t\t<\/div>\n\t\t","protected":false},"excerpt":{"rendered":"<p>Strona zosta\u0142a stworzona przez mieszka\u0144c\u00f3w osiedla i dla mieszka\u0144c\u00f3w osiedla. Nie jest to oficjalna strona wsp\u00f3lnoty ani podmiot\u00f3w reprezentuj\u0105cych j\u0105 formalnie, takich jak Zarz\u0105d czy Administrator. Je\u017celi chcesz si\u0119 z nami skontaktowa\u0107, napisz na adres: biuro@aluzyjna25cdef.pl lub skorzystaj z poni\u017cszego formularza kontaktowego. Aby wype\u0142ni\u0107 ten formularz, w\u0142\u0105cz obs\u0142ug\u0119 JavaScript w przegl\u0105darce.Aby wype\u0142ni\u0107 ten formularz, w\u0142\u0105cz &#8230; <a title=\"Kontakt\" class=\"read-more\" href=\"https:\/\/aluzyjna25.pl\/?page_id=18\" aria-label=\"Read more about Kontakt\">Read more<\/a><\/p>\n","protected":false},"author":1,"featured_media":0,"parent":0,"menu_order":0,"comment_status":"closed","ping_status":"closed","template":"","meta":{"footnotes":""},"class_list":["post-18","page","type-page","status-publish"],"yoast_head":"<!-- This site is optimized with the Yoast SEO plugin v26.7 - https:\/\/yoast.com\/wordpress\/plugins\/seo\/ -->\n<title>Kontakt - Aluzyjna 25C\/D\/E\/F<\/title>\n<meta name=\"robots\" content=\"index, follow, max-snippet:-1, max-image-preview:large, max-video-preview:-1\" \/>\n<link rel=\"canonical\" href=\"https:\/\/aluzyjna25.pl\/?page_id=18\" \/>\n<meta property=\"og:locale\" content=\"en_US\" \/>\n<meta property=\"og:type\" content=\"article\" \/>\n<meta property=\"og:title\" content=\"Kontakt - Aluzyjna 25C\/D\/E\/F\" \/>\n<meta property=\"og:description\" content=\"Strona zosta\u0142a stworzona przez mieszka\u0144c\u00f3w osiedla i dla mieszka\u0144c\u00f3w osiedla. Nie jest to oficjalna strona wsp\u00f3lnoty ani podmiot\u00f3w reprezentuj\u0105cych j\u0105 formalnie, takich jak Zarz\u0105d czy Administrator. Je\u017celi chcesz si\u0119 z nami skontaktowa\u0107, napisz na adres: biuro@aluzyjna25cdef.pl lub skorzystaj z poni\u017cszego formularza kontaktowego. Aby wype\u0142ni\u0107 ten formularz, w\u0142\u0105cz obs\u0142ug\u0119 JavaScript w przegl\u0105darce.Aby wype\u0142ni\u0107 ten formularz, w\u0142\u0105cz ... Read more\" \/>\n<meta property=\"og:url\" content=\"https:\/\/aluzyjna25.pl\/?page_id=18\" \/>\n<meta property=\"og:site_name\" content=\"Aluzyjna 25C\/D\/E\/F\" \/>\n<meta property=\"article:modified_time\" content=\"2026-01-18T16:07:03+00:00\" \/>\n<meta property=\"og:image\" content=\"https:\/\/aluzyjna25.pl\/wp-content\/plugins\/wpforms-lite\/assets\/images\/submit-spin.svg\" \/>\n<meta name=\"twitter:card\" content=\"summary_large_image\" \/>\n<meta name=\"twitter:label1\" content=\"Est. reading time\" \/>\n\t<meta name=\"twitter:data1\" content=\"1 minute\" \/>\n<script type=\"application\/ld+json\" class=\"yoast-schema-graph\">{\"@context\":\"https:\/\/schema.org\",\"@graph\":[{\"@type\":\"WebPage\",\"@id\":\"https:\/\/aluzyjna25.pl\/?page_id=18\",\"url\":\"https:\/\/aluzyjna25.pl\/?page_id=18\",\"name\":\"Kontakt - Aluzyjna 25C\/D\/E\/F\",\"isPartOf\":{\"@id\":\"https:\/\/aluzyjna25.pl\/#website\"},\"primaryImageOfPage\":{\"@id\":\"https:\/\/aluzyjna25.pl\/?page_id=18#primaryimage\"},\"image\":{\"@id\":\"https:\/\/aluzyjna25.pl\/?page_id=18#primaryimage\"},\"thumbnailUrl\":\"https:\/\/aluzyjna25.pl\/wp-content\/plugins\/wpforms-lite\/assets\/images\/submit-spin.svg\",\"datePublished\":\"2026-01-17T20:03:49+00:00\",\"dateModified\":\"2026-01-18T16:07:03+00:00\",\"breadcrumb\":{\"@id\":\"https:\/\/aluzyjna25.pl\/?page_id=18#breadcrumb\"},\"inLanguage\":\"en-US\",\"potentialAction\":[{\"@type\":\"ReadAction\",\"target\":[\"https:\/\/aluzyjna25.pl\/?page_id=18\"]}]},{\"@type\":\"ImageObject\",\"inLanguage\":\"en-US\",\"@id\":\"https:\/\/aluzyjna25.pl\/?page_id=18#primaryimage\",\"url\":\"https:\/\/aluzyjna25.pl\/wp-content\/plugins\/wpforms-lite\/assets\/images\/submit-spin.svg\",\"contentUrl\":\"https:\/\/aluzyjna25.pl\/wp-content\/plugins\/wpforms-lite\/assets\/images\/submit-spin.svg\"},{\"@type\":\"BreadcrumbList\",\"@id\":\"https:\/\/aluzyjna25.pl\/?page_id=18#breadcrumb\",\"itemListElement\":[{\"@type\":\"ListItem\",\"position\":1,\"name\":\"Home\",\"item\":\"https:\/\/aluzyjna25.pl\/\"},{\"@type\":\"ListItem\",\"position\":2,\"name\":\"Kontakt\"}]},{\"@type\":\"WebSite\",\"@id\":\"https:\/\/aluzyjna25.pl\/#website\",\"url\":\"https:\/\/aluzyjna25.pl\/\",\"name\":\"Aluzyjna 25C\/D\/E\/F\",\"description\":\"Osiedle D\u0105br\u00f3wka Wi\u015blana\",\"publisher\":{\"@id\":\"https:\/\/aluzyjna25.pl\/#organization\"},\"potentialAction\":[{\"@type\":\"SearchAction\",\"target\":{\"@type\":\"EntryPoint\",\"urlTemplate\":\"https:\/\/aluzyjna25.pl\/?s={search_term_string}\"},\"query-input\":{\"@type\":\"PropertyValueSpecification\",\"valueRequired\":true,\"valueName\":\"search_term_string\"}}],\"inLanguage\":\"en-US\"},{\"@type\":\"Organization\",\"@id\":\"https:\/\/aluzyjna25.pl\/#organization\",\"name\":\"Aluzyjna 25C\/D\/E\/F\",\"url\":\"https:\/\/aluzyjna25.pl\/\",\"logo\":{\"@type\":\"ImageObject\",\"inLanguage\":\"en-US\",\"@id\":\"https:\/\/aluzyjna25.pl\/#\/schema\/logo\/image\/\",\"url\":\"https:\/\/aluzyjna25.pl\/wp-content\/uploads\/2026\/01\/cropped-5c3f97ed-af21-464e-8e36-e5c1ac01ba95-1.png\",\"contentUrl\":\"https:\/\/aluzyjna25.pl\/wp-content\/uploads\/2026\/01\/cropped-5c3f97ed-af21-464e-8e36-e5c1ac01ba95-1.png\",\"width\":786,\"height\":576,\"caption\":\"Aluzyjna 25C\/D\/E\/F\"},\"image\":{\"@id\":\"https:\/\/aluzyjna25.pl\/#\/schema\/logo\/image\/\"}}]}<\/script>\n<!-- \/ Yoast SEO plugin. -->","yoast_head_json":{"title":"Kontakt - Aluzyjna 25C\/D\/E\/F","robots":{"index":"index","follow":"follow","max-snippet":"max-snippet:-1","max-image-preview":"max-image-preview:large","max-video-preview":"max-video-preview:-1"},"canonical":"https:\/\/aluzyjna25.pl\/?page_id=18","og_locale":"en_US","og_type":"article","og_title":"Kontakt - Aluzyjna 25C\/D\/E\/F","og_description":"Strona zosta\u0142a stworzona przez mieszka\u0144c\u00f3w osiedla i dla mieszka\u0144c\u00f3w osiedla. Nie jest to oficjalna strona wsp\u00f3lnoty ani podmiot\u00f3w reprezentuj\u0105cych j\u0105 formalnie, takich jak Zarz\u0105d czy Administrator. Je\u017celi chcesz si\u0119 z nami skontaktowa\u0107, napisz na adres: biuro@aluzyjna25cdef.pl lub skorzystaj z poni\u017cszego formularza kontaktowego. Aby wype\u0142ni\u0107 ten formularz, w\u0142\u0105cz obs\u0142ug\u0119 JavaScript w przegl\u0105darce.Aby wype\u0142ni\u0107 ten formularz, w\u0142\u0105cz ... Read more","og_url":"https:\/\/aluzyjna25.pl\/?page_id=18","og_site_name":"Aluzyjna 25C\/D\/E\/F","article_modified_time":"2026-01-18T16:07:03+00:00","og_image":[{"url":"https:\/\/aluzyjna25.pl\/wp-content\/plugins\/wpforms-lite\/assets\/images\/submit-spin.svg","type":"","width":"","height":""}],"twitter_card":"summary_large_image","twitter_misc":{"Est. reading time":"1 minute"},"schema":{"@context":"https:\/\/schema.org","@graph":[{"@type":"WebPage","@id":"https:\/\/aluzyjna25.pl\/?page_id=18","url":"https:\/\/aluzyjna25.pl\/?page_id=18","name":"Kontakt - Aluzyjna 25C\/D\/E\/F","isPartOf":{"@id":"https:\/\/aluzyjna25.pl\/#website"},"primaryImageOfPage":{"@id":"https:\/\/aluzyjna25.pl\/?page_id=18#primaryimage"},"image":{"@id":"https:\/\/aluzyjna25.pl\/?page_id=18#primaryimage"},"thumbnailUrl":"https:\/\/aluzyjna25.pl\/wp-content\/plugins\/wpforms-lite\/assets\/images\/submit-spin.svg","datePublished":"2026-01-17T20:03:49+00:00","dateModified":"2026-01-18T16:07:03+00:00","breadcrumb":{"@id":"https:\/\/aluzyjna25.pl\/?page_id=18#breadcrumb"},"inLanguage":"en-US","potentialAction":[{"@type":"ReadAction","target":["https:\/\/aluzyjna25.pl\/?page_id=18"]}]},{"@type":"ImageObject","inLanguage":"en-US","@id":"https:\/\/aluzyjna25.pl\/?page_id=18#primaryimage","url":"https:\/\/aluzyjna25.pl\/wp-content\/plugins\/wpforms-lite\/assets\/images\/submit-spin.svg","contentUrl":"https:\/\/aluzyjna25.pl\/wp-content\/plugins\/wpforms-lite\/assets\/images\/submit-spin.svg"},{"@type":"BreadcrumbList","@id":"https:\/\/aluzyjna25.pl\/?page_id=18#breadcrumb","itemListElement":[{"@type":"ListItem","position":1,"name":"Home","item":"https:\/\/aluzyjna25.pl\/"},{"@type":"ListItem","position":2,"name":"Kontakt"}]},{"@type":"WebSite","@id":"https:\/\/aluzyjna25.pl\/#website","url":"https:\/\/aluzyjna25.pl\/","name":"Aluzyjna 25C\/D\/E\/F","description":"Osiedle D\u0105br\u00f3wka Wi\u015blana","publisher":{"@id":"https:\/\/aluzyjna25.pl\/#organization"},"potentialAction":[{"@type":"SearchAction","target":{"@type":"EntryPoint","urlTemplate":"https:\/\/aluzyjna25.pl\/?s={search_term_string}"},"query-input":{"@type":"PropertyValueSpecification","valueRequired":true,"valueName":"search_term_string"}}],"inLanguage":"en-US"},{"@type":"Organization","@id":"https:\/\/aluzyjna25.pl\/#organization","name":"Aluzyjna 25C\/D\/E\/F","url":"https:\/\/aluzyjna25.pl\/","logo":{"@type":"ImageObject","inLanguage":"en-US","@id":"https:\/\/aluzyjna25.pl\/#\/schema\/logo\/image\/","url":"https:\/\/aluzyjna25.pl\/wp-content\/uploads\/2026\/01\/cropped-5c3f97ed-af21-464e-8e36-e5c1ac01ba95-1.png","contentUrl":"https:\/\/aluzyjna25.pl\/wp-content\/uploads\/2026\/01\/cropped-5c3f97ed-af21-464e-8e36-e5c1ac01ba95-1.png","width":786,"height":576,"caption":"Aluzyjna 25C\/D\/E\/F"},"image":{"@id":"https:\/\/aluzyjna25.pl\/#\/schema\/logo\/image\/"}}]}},"_links":{"self":[{"href":"https:\/\/aluzyjna25.pl\/index.php?rest_route=\/wp\/v2\/pages\/18","targetHints":{"allow":["GET"]}}],"collection":[{"href":"https:\/\/aluzyjna25.pl\/index.php?rest_route=\/wp\/v2\/pages"}],"about":[{"href":"https:\/\/aluzyjna25.pl\/index.php?rest_route=\/wp\/v2\/types\/page"}],"author":[{"embeddable":true,"href":"https:\/\/aluzyjna25.pl\/index.php?rest_route=\/wp\/v2\/users\/1"}],"replies":[{"embeddable":true,"href":"https:\/\/aluzyjna25.pl\/index.php?rest_route=%2Fwp%2Fv2%2Fcomments&post=18"}],"version-history":[{"count":7,"href":"https:\/\/aluzyjna25.pl\/index.php?rest_route=\/wp\/v2\/pages\/18\/revisions"}],"predecessor-version":[{"id":64,"href":"https:\/\/aluzyjna25.pl\/index.php?rest_route=\/wp\/v2\/pages\/18\/revisions\/64"}],"wp:attachment":[{"href":"https:\/\/aluzyjna25.pl\/index.php?rest_route=%2Fwp%2Fv2%2Fmedia&parent=18"}],"curies":[{"name":"wp","href":"https:\/\/api.w.org\/{rel}","templated":true}]}}